{"id":636,"date":"2019-11-28T16:49:25","date_gmt":"2019-11-28T16:49:25","guid":{"rendered":"https:\/\/store.rotoplastweb.com\/?page_id=636"},"modified":"2019-12-02T09:51:08","modified_gmt":"2019-12-02T09:51:08","slug":"cookie-policy","status":"publish","type":"page","link":"https:\/\/rotoplastweb.com\/index.php\/cookie-policy\/","title":{"rendered":"Cookie Policy"},"content":{"rendered":"<div class=\"cli_pg_page_contaner\">\n<h3>Informativa sui cookie<\/h3>\n<div>\n<p>Questa informativa spiega cosa sono i cookie e come vengono usati in questo sito. Leggere attentamente tutta l&#8217;informa per capire cosa sono i cookie, come li usiamo, quali tipi usiamo, le informazioni che contengono e come controllare quali informazioni immagazziniamo. per maggiori informazioni consultare l&#8217;informativa sulla <a href=\"https:\/\/store.rotoplastweb.com\/index.php\/informativa-privacy\/\">Privacy<\/a> che trovi in fondo alla pagina.<\/p>\n<p>Puoi cambiare o ritirare il tuo consenso in ogni momento nella dichiarazione dei cookie che trovi nel nostro sito.<\/p>\n<p>Leggi di pi\u00f9 su chi siamo, come contattarci e come immagazziniamo i dati personali nella nostra <a href=\"https:\/\/store.rotoplastweb.com\/index.php\/informativa-privacy\/\">Informativo sulla Privacy<\/a>.<\/p>\n<p>il tuo consenso si applica al seguente dominio: rotoplastweb.com<\/p>\n<div class=\"cli_user_consent_state\">Il tuo stato attuale: Non \u00e8 stato concesso alcun consenso. <a class=\"cli_manage_current_consent\" style=\"cursor:pointer;text-decoration:underline;\">Gestisci il tuo consenso.<\/a> <\/div>\n<\/div>\n<h3>Che cosa sono i cookie?<\/h3>\n<div>\n<p>I cookie sono piccoli file di testo che vengono usati per immagazzinare piccole informazioni. I cookie vengono salvati nel tuo apparecchio quando il sito viene caricato nel tuo browser. Questi cookies ci aiutano a fa funzionare il nostro sito, renderlo pi\u00f9 sicuro, fornire una migliore esperienza di navigazione, capire le prestazioni del nostro sito e analizzare il funzionamento per continuare a migliore la vostra esperienza.<\/p>\n<\/div>\n<h3>Come usiamo i cookie ?<\/h3>\n<div>\n<p>Come la maggior parte dei servizi online, il nostro sito usa cookies di terze parti per molteplici propositi. I cookies proprietari sono necessari al funzionamento del sito e non contengono nessun dato personale o identificativo.<\/p>\n<p>I cookies di terze parti usati nel nostro sito vengono usati per capire la velocit\u00e0 di caricamento, come l&#8217;utente interagisce con le pagine, mantenere la sicurezza, fornire pubblicit\u00e0 che sia rilevante all&#8217;utente per migliorare l&#8217;esperienza di navigazione e velocizzare le future interazioni.<\/p>\n<\/div>\n<h3>Che tipo di cookie usiamo ?<\/h3>\n<div>\n<p><span style=\"font-weight: bold;\">Essenziali<\/span>: Alcuni cookies sono essenziali per avere una navigazione pienamente funzionale del nostro sito. Essi ci permettono di mantenere la sessione aperta e prevenire minacce alla sicurezza. Questi cookies non contengono nessuna informazione personale. Ad esempio, questi cookies ti permettono di mantenere l&#8217;accesso al tuo account e aggiungere prodotti al tuo carrello e procedere al pagamento in tutta sicurezza.<\/p>\n<p><span style=\"font-weight: bold;\">Statistica:<\/span> Questi cookies immagazzinano informazioni come il numero dei visitatori, il numero delle visite uniche, quali pagine sono state visitate, la sorgente delle visite etc. Queste informazioni ci aiutano ad analizzare le prestazioni del sito e migliorarlo laddove ci fosse bisogno.<\/p>\n<p><span style=\"font-weight: bold;\">Marketing:<\/span> Il nostro sito mostra pubblicit\u00e0. Questi cookies sono usati per personalizzare le pubblicit\u00e0 e mostrare sono quelle che sono pi\u00f9 significative per l&#8217;utente. Questi cookies ci aiutano anche a tracciare l&#8217;efficienza delle nostre campagne pubblicitarie. Le informazioni immagazzinate in questi cookies potrebbero essere usate da aziende che ci forniscono altri servizi pubblicitari.<\/p>\n<p><span style=\"font-weight: bold;\">Funzionali:<\/span> Questi sono cookies che espletano alcune funzioni non essenziali del nostro sito. Queste funzionalit\u00e0 potrebbero includere filmati o contenuti condivisi dei siti delle piattaforme di social media.<\/p>\n<p><span style=\"font-weight: bold;\">Preferenze:<\/span> Questi cookies ci aiutano a immagazzinare i le preferenze del browser, come ad esempio il linguaggio, per rendere una navigazione pi\u00f9 efficiente per una futura visita dell&#8217;utente.<\/p>\n<p>La lista che segue spiega in dettaglio i cookies che usiamo in questo sito.<\/p><table class=\"cookielawinfo-row-cat-table cookielawinfo-classic\"><thead><tr><th class=\"cookielawinfo-column-1\">Cookie<\/th><\/tr><\/thead><tbody><tr class=\"cookielawinfo-row\"><td class=\"cookielawinfo-column-1\">Google Adword<\/td><\/tr><tr class=\"cookielawinfo-row\"><td class=\"cookielawinfo-column-1\">WooCommerce<\/td><\/tr><tr class=\"cookielawinfo-row\"><td class=\"cookielawinfo-column-1\">WordPress<\/td><\/tr><\/tbody><\/table>\n<\/div>\n<h3>Come posso controllare le mie preferenze sui cookie ?<\/h3>\n<div>\n<p>Puoi scegliere di cambiare le tue preferenze anche successivamente a questa sessione, vai sulla pagina &#8220;Informativa Sui Cookies&#8221; che trovi in fondo alla pagina. Troverai indicato il consenso e avrai la possibilit\u00e0 di cambiare le tue preferenze o ritirare il tuo consenso.<\/p>\n<p>In aggiunta a questo, alcuni browser hanno un differente metodo di bloccare o cancellare alcuni cookies che usiamo nel nostro sito. Puoi cambiare le preferenze del tuo browser o bloccare\/cancellare i cookies.<\/p>\n<\/div>\n<\/div>\n","protected":false},"excerpt":{"rendered":"<p>Informativa sui cookie Questa informativa spiega cosa sono i cookie  [&#8230;]<\/p>\n","protected":false},"author":1,"featured_media":0,"parent":0,"menu_order":0,"comment_status":"closed","ping_status":"closed","template":"","meta":{"wp_pinch_chat_agent_id":"","wp_pinch_chat_placeholder":"","footnotes":""},"class_list":["post-636","page","type-page","status-publish","hentry"],"yoast_head":"<!-- This site is optimized with the Yoast SEO plugin v27.5 - https:\/\/yoast.com\/product\/yoast-seo-wordpress\/ -->\n<title>Cookie Policy - Rotoplast<\/title>\n<meta name=\"robots\" content=\"index, follow, max-snippet:-1, max-image-preview:large, max-video-preview:-1\" \/>\n<link rel=\"canonical\" href=\"https:\/\/rotoplastweb.com\/index.php\/cookie-policy\/\" \/>\n<meta property=\"og:locale\" content=\"it_IT\" \/>\n<meta property=\"og:type\" content=\"article\" \/>\n<meta property=\"og:title\" content=\"Cookie Policy - Rotoplast\" \/>\n<meta property=\"og:description\" content=\"Informativa sui cookie Questa informativa spiega cosa sono i cookie [...]\" \/>\n<meta property=\"og:url\" content=\"https:\/\/rotoplastweb.com\/index.php\/cookie-policy\/\" \/>\n<meta property=\"og:site_name\" content=\"Rotoplast\" \/>\n<meta property=\"article:modified_time\" content=\"2019-12-02T09:51:08+00:00\" \/>\n<meta name=\"twitter:card\" content=\"summary_large_image\" \/>\n<meta name=\"twitter:label1\" content=\"Tempo di lettura stimato\" \/>\n\t<meta name=\"twitter:data1\" content=\"3 minuti\" \/>\n<!-- \/ Yoast SEO plugin. -->","yoast_head_json":{"title":"Cookie Policy - Rotoplast","robots":{"index":"index","follow":"follow","max-snippet":"max-snippet:-1","max-image-preview":"max-image-preview:large","max-video-preview":"max-video-preview:-1"},"canonical":"https:\/\/rotoplastweb.com\/index.php\/cookie-policy\/","og_locale":"it_IT","og_type":"article","og_title":"Cookie Policy - Rotoplast","og_description":"Informativa sui cookie Questa informativa spiega cosa sono i cookie [...]","og_url":"https:\/\/rotoplastweb.com\/index.php\/cookie-policy\/","og_site_name":"Rotoplast","article_modified_time":"2019-12-02T09:51:08+00:00","twitter_card":"summary_large_image","twitter_misc":{"Tempo di lettura stimato":"3 minuti"},"schema":{"@context":"https:\/\/schema.org","@graph":[{"@type":"WebPage","@id":"https:\/\/rotoplastweb.com\/index.php\/cookie-policy\/","url":"https:\/\/rotoplastweb.com\/index.php\/cookie-policy\/","name":"Cookie Policy - Rotoplast","isPartOf":{"@id":"https:\/\/rotoplastweb.com\/#website"},"datePublished":"2019-11-28T16:49:25+00:00","dateModified":"2019-12-02T09:51:08+00:00","breadcrumb":{"@id":"https:\/\/rotoplastweb.com\/index.php\/cookie-policy\/#breadcrumb"},"inLanguage":"it-IT","potentialAction":[{"@type":"ReadAction","target":["https:\/\/rotoplastweb.com\/index.php\/cookie-policy\/"]}]},{"@type":"BreadcrumbList","@id":"https:\/\/rotoplastweb.com\/index.php\/cookie-policy\/#breadcrumb","itemListElement":[{"@type":"ListItem","position":1,"name":"Home","item":"https:\/\/rotoplastweb.com\/"},{"@type":"ListItem","position":2,"name":"Cookie Policy"}]},{"@type":"WebSite","@id":"https:\/\/rotoplastweb.com\/#website","url":"https:\/\/rotoplastweb.com\/","name":"Rotoplast","description":"Nastri personalizzati e soluzioni per imballaggio professionale","potentialAction":[{"@type":"SearchAction","target":{"@type":"EntryPoint","urlTemplate":"https:\/\/rotoplastweb.com\/?s={search_term_string}"},"query-input":{"@type":"PropertyValueSpecification","valueRequired":true,"valueName":"search_term_string"}}],"inLanguage":"it-IT"}]}},"_links":{"self":[{"href":"https:\/\/rotoplastweb.com\/index.php\/wp-json\/wp\/v2\/pages\/636","targetHints":{"allow":["GET"]}}],"collection":[{"href":"https:\/\/rotoplastweb.com\/index.php\/wp-json\/wp\/v2\/pages"}],"about":[{"href":"https:\/\/rotoplastweb.com\/index.php\/wp-json\/wp\/v2\/types\/page"}],"author":[{"embeddable":true,"href":"https:\/\/rotoplastweb.com\/index.php\/wp-json\/wp\/v2\/users\/1"}],"replies":[{"embeddable":true,"href":"https:\/\/rotoplastweb.com\/index.php\/wp-json\/wp\/v2\/comments?post=636"}],"version-history":[{"count":17,"href":"https:\/\/rotoplastweb.com\/index.php\/wp-json\/wp\/v2\/pages\/636\/revisions"}],"predecessor-version":[{"id":657,"href":"https:\/\/rotoplastweb.com\/index.php\/wp-json\/wp\/v2\/pages\/636\/revisions\/657"}],"wp:attachment":[{"href":"https:\/\/rotoplastweb.com\/index.php\/wp-json\/wp\/v2\/media?parent=636"}],"curies":[{"name":"wp","href":"https:\/\/api.w.org\/{rel}","templated":true}]}}